-6)?
0
Let f(c) = 2*c**2 - 8*c. Give f(7).
42
Let r(j) = -8*j + 154. Calculate r(17).
18
Let y(k) = -13*k - 58. Give y(-5).
7
Let j(p) = -12*p - 24. Calculate j(8).
-120
Let m(n) = n**2 + 10*n + 8. Calculate m(-8).
-8
Let a(y) = y**3 - 10*y**2 + 13*y - 12. Give a(9).
24
Let f(c) = 14*c - 11. What is f(11)?
143
Let s(f) = f**3 + 11*f**2 - 26*f + 3. Determine s(-13).
3
Let o(j) = -j**2 - 23*j - 16. Determine o(-26).
-94
Let a(t) = -t**3 - 5*t**2 + 7*t - 5. Determine a(-6).
-11
Let i(m) = 6*m - 39. Calculate i(6).
-3
Let x(o) = -o**2 - 8*o - 17. Give x(-6).
-5
Let u(o) = o**3 + 4*o**2 - 7*o + 4. Determine u(2).
14
Let m(r) = -r**2 - 17*r + 66. What is m(-20)?
6
Let p(u) = u**3 - 8*u**2 + 5*u + 7. What is p(6)?
-35
Let y(b) = -b**2 + 2*b + 11. Give y(-6).
-37
Let n(h) = h**3 + 6*h**2 - 3*h - 15. Determine n(-6).
3
Let v(j) = 28*j**3 + j. Determine v(1).
29
Let h(c) = -c**2 + 4*c - 2. Determine h(-5).
-47
Let g(b) = 6*b**2 - 3*b + 1. Give g(2).
19
Let l(z) = -z**2 - 11*z - 5. Determine l(-11).
-5
Let y(h) = h**2 - h - 4. Determine y(4).
8
Let u(t) = 79*t**3 + 3*t - 2. Calculate u(1).
80
Let a(c) = 7*c - 28. Determine a(4).
0
Let i(a) = -6*a**2 + 51*a + 26. Calculate i(9).
-1
Let c(f) = 14*f**2 + 3*f - 4. Determine c(3).
131
Let r(z) = -3*z**2 + 5*z - 11. Determine r(2).
-13
Let k(l) = -l**2 - 16*l + 25. Calculate k(-8).
89
Let x(j) = -j**2 - 15*j - 34. What is x(-5)?
16
Let p(t) = 3*t**2 + 40*t + 30. Calculate p(-13).
17
Let b(k) = -3*k**2 - 4. What is b(-3)?
-31
Let k(g) = -g**2 - 13*g + 9. What is k(-5)?
49
Let t(k) = -k**3 - 4*k**2 + 5. Calculate t(-5).
30
Let h(v) = 15*v + 132. Calculate h(-9).
-3
Let l(d) = d**2 - 18*d + 84. Calculate l(8).
4
Let z(n) = -4*n**2 + 21*n - 10. Give z(6).
-28
Let v(x) = 4*x**2 + 4*x + 4. What is v(-3)?
28
Let v(a) = -a**3 - 29*a**2 + a + 64. Calculate v(-29).
35
Let a(g) = 3*g + 27. Give a(-8).
3
Let q(z) = -z**2 - 4*z - 3. Calculate q(-8).
-35
Let j(u) = u**3 + 8*u**2 - 2*u - 1. Give j(-8).
15
Let w(c) = -c**3 + 6*c**2 - 3*c + 2. Give w(2).
12
Let w(n) = 57*n + 509. Determine w(-9).
-4
Let q(p) = -6*p + 2. Calculate q(1).
-4
Let k(z) = -z**2 + 5*z - 2. Give k(6).
-8
Let r(s) = -s**2 - 2*s + 18. Calculate r(-5).
3
Let m(v) = 11*v**2 - 132*v - 11. Give m(12).
-11
Let q(j) = 5*j**2 - 4*j - 3. What is q(-1)?
6
Let t(j) = 5*j + 81. Give t(-16).
1
Let m(t) = -t**2 + 4*t + 6. Determine m(0).
6
Let x(i) = -i + 11. Calculate x(4).
7
Let h(k) = 3*k - 6. What is h(0)?
-6
Let w(c) = c**2 - 2*c - 4. Determine w(4).
4
Let o(r) = -6*r + 10. Give o(5).
-20
Let l(q) = 13*q**3 - q**2 - q + 2. Give l(1).
13
Let h(s) = -s**2 - 5*s + 9. Calculate h(-7).
-5
Let o(l) = -l**2 + 7*l - 4. Calculate o(5).
6
Let k(m) = m**3 + 5*m**2 - 3*m - 7. Give k(-6).
-25
Let l(t) = t**2 + t + 14. Determine l(0).
14
Let m(g) = -9*g**3 - 90*g**2 - g - 3. Calculate m(-10).
7
Let k(p) = -32*p + 4. What is k(-1)?
36
Let z(o) = -4*o - 2. Determine z(6).
-26
Let i(t) = t**2 + 14*t - 23. What is i(2)?
9
Let o(r) = r**2 - r - 34. Give o(-5).
-4
Let g(c) = -62*c + 1672. What is g(27)?
-2
Let j(f) = f**3 - 10*f**2 + 18*f - 27. Calculate j(8).
-11
Let f(i) = -129*i + 396. Determine f(3).
9
Let b(a) = 3*a + 10. Calculate b(-4).
-2
Let l(r) = -9*r + 5. Give l(3).
-22
Let c(n) = -9*n + 147. Give c(15).
12
Let r(w) = w**3 + 8*w**2 + 8*w - 9. What is r(-7)?
-16
Let b(q) = 3*q**2 - 12*q + 13. Determine b(4).
13
Let p(x) = 30*x + 63. Calculate p(-2).
3
Let z(l) = 15*l**2 - 5*l + 4. Determine z(1).
14
Let x(s) = s**3 + s**2 - 9*s - 19. What is x(-3)?
-10
Let m(u) = -5*u - 170. Give m(-34).
0
Let r(p) = -2*p**2 + 3*p - 3. Calculate r(4).
-23
Let c(q) = -q**3 - 8*q**2 - 13*q - 14. Calculate c(-6).
-8
Let i(m) = m - 53. Give i(30).
-23
Let u(y) = y + 9. What is u(10)?
19
Let k(c) = -c**3 - 8*c**2 - 3*c - 4. Calculate k(-6).
-58
Let g(p) = -2*p**3 + 37*p**2 - 19*p + 6. What is g(18)?
-12
Let v(k) = -k**2 + 2*k + 1. Calculate v(-1).
-2
Let p(r) = 5*r + 159. Determine p(-31).
4
Let g(i) = 11*i**2 - 408*i + 39. Determine g(37).
2
Let q(p) = p**3 + 9*p**2 + 19*p + 11. Give q(-7).
-24
Let o(z) = -9*z - 2. What is o(-2)?
16
Let r(o) = -o**2 - 3*o + 9. What is r(-6)?
-9
Let v(k) = -k**2 - 20*k + 11. Calculate v(-20).
11
Let n(g) = g**3 - 19*g**2 + 30*g + 57. Determine n(17).
-11
Let d(n) = -n**2 - 11*n - 12. Calculate d(-7).
16
Let q(z) = z**3 + 7*z**2 + 4*z - 6. Calculate q(-6).
6
Let n(k) = 3*k**2 - 2*k - 5. Determine n(4).
35
Let q(t) = 3*t + 7. Calculate q(-7).
-14
Let c(m) = m**3 + 6*m**2 - 7. Give c(-6).
-7
Let o(t) = t**3 + 7*t**2 - 8*t + 3. What is o(-8)?
3
Let t(c) = -c**3 - 4*c**2 + 5*c + 9. Determine t(-6).
51
Let c(y) = -3*y**3 + 1. Determine c(1).
-2
Let b(y) = -y**2 + 65*y - 790. Determine b(49).
-6
Let k(f) = -14*f**3 - 2*f**2 + 3*f + 4. What is k(-1)?
13
Let m(u) = -7*u - 71. What is m(-10)?
-1
Let d(a) = a**3 - 3*a**2 - 5*a - 1. Calculate d(-2).
-11
Let q(a) = -a**2 + a + 7. Calculate q(4).
-5
Let g(t) = 3*t + 21. Determine g(-5).
6
Let p(l) = 5*l - 1. Give p(1).
4
Let d(x) = -x**2 + 9*x + 1. Calculate d(8).
9
Let y(x) = 3*x + 7. What is y(-2)?
1
Let x(j) = -9*j**2 + 6*j - 6. What is x(2)?
-30
Let f(w) = 11*w - 150. Calculate f(13).
-7
Let z(d) = -d**3 + 9*d**2 + 11*d - 10. Calculate z(10).
0
Let d(f) = -f**2 + 9. What is d(5)?
-16
Let z(p) = -p**2 - 11*p - 18. Give z(-8).
6
Let y(j) = 2*j - 62. Give y(33).
4
Let d(g) = -3*g**3 + 8*g**2 + 7*g - 31. Give d(3).
-19
Let t(s) = s**2 + s + 3. Determine t(4).
23
Let t(k) = k**3 + 13*k**2 + 11*k - 23. Give t(-12).
-11
Let o(r) = -r**3 + 5*r**2 + 7*r + 8. Determine o(7).
-41
Let q(j) = -j**3 + 4*j**2 + 6*j - 2. Calculate q(4).
22
Let t(i) = -28*i - 145. Give t(-5).
-5
Let g(n) = 18*n - 5. Give g(-4).
-77
Let h(y) = y**3 + y + 2. What is h(0)?
2
Let z(m) = -m**3 - 10*m**2 - 18*m + 15. What is z(-7)?
-6
Let i(t) = 8*t**3 - t**2 - t. Give i(-1).
-8
Let v(f) = -8*f**2 - 3*f + 2. Give v(1).
-9
Let s(a) = a**2 - 8*a - 1. Calculate s(6).
-13
Let o(u) = -4*u + 6. Determine o(4).
-10
Let j(x) = 3*x**2 + 29*x + 8. Determine j(-10).
18
Let p(d) = 4*d + 4. What is p(-4)?
-12
Let l(r) = 15*r + 12. Calculate l(2).
42
Let d(y) = -y**3 + 5*y**2 - 3*y - 6. Give d(4).
-2
Let p(s) = -s**2 - 7*s + 8. Determine p(-9).
-10
Let m(n) = 26*n - 192. What is m(8)?
16
Let m(n) = n**3 - 2*n**2 - 3. Calculate m(3).
6
Let u(t) = -t + 2. Determine u(7).
-5
Let y(p) = p**3 + 5*p**2 - 6*p - 18. Give y(-4).
22
Let b(f) = f**2 + 3*f + 7. Determine b(-5).
17
Let t(j) = j**3 + 2*j**2 + 4*j + 2. What is t(-2)?
-6
Let y(a) = 27*a + 671. What is y(-25)?
-4
Let c(i) = -i**3 - 36*i**2 + 39*i + 103. Determine c(-37).
29
Let a(t) = -t**3 - 15*t**2 - 22*t - 118. Give a(-14).
-6
Let s(m) = -m**3 - m**2 - 4*m + 4. Determine s(-4).
68
Let u(m) = m - 2. Calculate u(0).
-2
Let q(f) = -6*f + 55. What is q(12)?
-17
Let n(p) = -2*p**3 - 13*p**2 + 10*p + 13. Calculate n(-7).
-8
Let t(a) = a**2 + 9*a + 6. Determine t(-2).
-8
Let a(u) = -3*u + 116. Determine a(38).
2
Let f(q) = -q**2 + 11*q - 24. Give f(8).
0
Let c(u) = 11*u - 27. Calculate c(3).
6
Let v(k) = k**2 - 8*k + 3. Determine v(6).
-9
Let n(x) = -x**3 + 12*x**2 - 11*x + 12. What is n(11)?
12
Let h(m) = -m**3 - 5*m**2 + m - 2. Give h(-5).
-7
Let v(n) = -16*n - 63. Give v(-6).
33
Let l(a) = a**3 + 3*a**2 - 3*a - 1. What is l(-2)?
9
Let s(z) = 3*z - 3. What is s(2)?
3
Let p(k) = 3*k**2 + 11*k - 5. Calculate p(-5).
15
Let z(x) = 31*x**3 + 2*x**2 - 4*x + 2. Calculate z(1).
31
Let g(n) = -n**3 - 8*n**2 + 5*n - 3. What is g(-9)?
33
Let j(g) = -g**3 + 7*g**2 - 3*g - 14. Determine j(6).
4
Let t(n) = 2*n + 69. Determine t(0).
69
Let g(h) = -h - 3. What is g(-9)?
6
Let a(u) = -u**3 + 9*u**2 + 12*u - 9. Give a(8).
151
Let b(x) = -x**2 - 10*x - 26. Give b(-3).
-5
Let g(f) = -12*f - 10. Determine g(7).
-94
Let i(n) = -n**3 - 18*n**2 + 20*n + 22. Determine i(-19).
3
Let p(z) = -z**2 - 13*z + 9. Calculate p(-14).
-5
Let y(c) = -2*c**2 + 14. Calculate y(4).
-18
Let q(y) = -16*y**2 + 28*y + 4. Give q(2).
-4
Let a(p) = p**3 - 18*p**2 - 2*p + 13. Determine a(18).
-23
Let f(l) = l**2 + 6*l - 8. What is f(-7)?
-1
Let x(a) = a**2 - 11*a - 25. Calculate x(13).
1
Let w(x) = -2*x**3 + 2*x**2 + x + 3. Determine w(-3).
72
Let q(j) = -j**3 - 10*j**2 + 14*j - 2. Give q(-11).
-35
Let r(g) = -45*g + 36. Calculate r(1).
-9
Let i(n) = n**3 + 6*n**2 